 q(t) = -8*t - 6. Suppose -2*n = -10*n - 144. What is the hundreds digit of q(n)?
1
Let n = 29 + -31. What is the units digit of (-6 + (n - -6) - 10)*-9?
8
Let h(l) = -8*l**3 - 3*l**2 + 3*l - 3. Let a = -19 - -16. What is the hundreds digit of h(a)?
1
Suppose -8010 = -23*u + 7952. What is the tens digit of u?
9
Let g(i) = -i**3 + 4*i**2 + 5. Let t(b) = b**2 - 3*b. Let m be t(4). Let x be g(m). What is the units digit of (-140)/8*(-6)/x?
1
Suppose -3*c = -3*s - 8145, -c + s - 8125 = -4*c. What is the tens digit of c?
1
Let f = -473 - -1219. What is the units digit of f?
6
Suppose -z + f = 2*z - 57, -95 = -5*z + 2*f. Suppose 5*c - w = 2*c + z, c - 2*w - 13 = 0. Let j(a) = a**2 - 2*a + 4. What is the units digit of j(c)?
9
What is the hundreds digit of (9 - 21)*(-35 + 2)?
3
Let m be (6 - 7)/(1/(-4)). Let u(o) = 22*o + 3. Let d be u(m). Let y = -52 + d. What is the units digit of y?
9
Let s = 1083 + -664. What is the tens digit of s?
1
What is the units digit of (1 + -14)*(-31 + -11)?
6
Let v = -94 + 174. What is the units digit of v?
0
Let f = -538 - -1293. What is the tens digit of f?
5
Suppose 27*x - 31*x = -12. Suppose 3*s = 6*q - x*q - 6, 2*s + 12 = 4*q. Suppose -q*p = -p + 2*i - 7, -4*i + 11 = 5*p. What is the units digit of p?
3
Suppose -18 = 2*x - r + 3, 0 = -x + 3*r - 3. Let u(b) = -5 - 5*b + 2*b + 0*b + b. What is the tens digit of u(x)?
1
Suppose -7*d + 14 = -14. Suppose q + d = 0, 2*q - 252 = -3*i - q. What is the tens digit of i?
8
Suppose -60*l + 54*l + 1884 = 0. What is the tens digit of l?
1
Suppose 2*i = 7*i + 160. What is the tens digit of 1/4 + (-1112)/i?
3
Let l = -615 - -968. What is the tens digit of l?
5
Suppose 10*c = 14*c. Let t(v) = c - 2*v + 1 - 7*v. What is the units digit of t(-1)?
0
Suppose 31*h + 12 = 33*h. Suppose 3*w = h*w - 129. What is the tens digit of w?
4
Let b = -13 - -19. Suppose -b*v = -11*v + 310. What is the tens digit of v?
6
What is the hundreds digit of -2 + 1581 - (-63)/9?
5
Suppose -i + 4*r + 1035 = 0, 4*r - 8*r = 5*i - 5247. What is the tens digit of i?
4
Let l(f) = -f**2 - 5*f + 7. Suppose -z + 5*z + 16 = 0. Let a be l(z). Suppose d - 5*j = a, d + 3*j - 29 = -j. What is the units digit of d?
1
Let a(f) = -f**3 - 5*f**2 + 4*f - 12. What is the units digit of a(-9)?
6
Let w = 355 + -639. What is the units digit of (w/(-5))/(20/50)?
2
Let l(p) = 51*p - 9. Suppose -d + 17 = 3*d + 5*m, 3*d + 5*m - 14 = 0. What is the units digit of l(d)?
4
Suppose 3 = 3*d, 3 = -3*w + 2*d + 10. Suppose w*o = o + 48. What is the tens digit of o?
2
Suppose -3*z + 90 = -0*z. Let y(n) = n**2 + 2*n + 1. Let j be y(-3). Suppose j*t = -2*g + z, -3*t - 5*g + 27 = -t. What is the units digit of t?
6
Let c = 16 - 12. Suppose 3*i - 121 = -g, -39 = -5*g + c*i + 490. Suppose -q = -4*u - 2*q + g, u - 5*q - 1 = 0. What is the tens digit of u?
2
Let z = 173 - 151. What is the tens digit of (0/(-6) - -1)*z?
2
Let z(r) = -r**2 - 30*r - 4. What is the tens digit of z(-25)?
2
Let g(q) = 3*q - 67. Let u be g(27). Let j(d) = -4*d**3 - d**2 - 2*d - 1. Let o be j(-1). What is the units digit of o/(-14) + 676/u?
8
Suppose 3*r + 782 = y, 5*r = y - 4*y + 2360. What is the tens digit of y?
8
Suppose -7*z + 4*z + 6 = 0. Suppose z*j = 3*p - 15, 15 = 3*p - 0*j + 4*j. Suppose -u + 201 = 5*r, 143 = 5*r - 2*r - p*u. What is the tens digit of r?
4
Let y = 15 + -13. Suppose -2*x = -4*b - 184, -3*b - y - 1 = 0. What is the units digit of x?
0
Suppose 0*k + k = -5*y - 36, -k = -4. Let b(z) = 2*z**2 + 8*z - 7. What is the units digit of b(y)?
7
Let j be -1 - -4*18/3. Suppose j*i - 19*i - 12 = 0. Let y(p) = -p**3 + 3*p**2 + 4*p. What is the units digit of y(i)?
2
Let d = -6 + 75. Suppose 5*p - 5*x - 605 = 0, 2*p = 4*x + 301 - d. Suppose t - p = -t. What is the units digit of t?
3
Let p = -2550 - -4640. What is the units digit of p?
0
What is the units digit of (-10)/60*-6*727?
7
Suppose -804 = -3*o + 1452. What is the tens digit of o?
5
Let j(o) = -o**3 - o**2 + o + 1. Let z(x) = -3*x**3 + 25*x**2 + 39*x. Let u(v) = 4*j(v) - z(v). What is the units digit of u(-28)?
0
Let m be (-92)/3 + (-6)/(-9). Let t be ((-20)/m)/(4/30). Suppose -9*w = -t*w - 216. What is the units digit of w?
4
Suppose 3 = f + 2. Let s = f - -1. Suppose -z + s*n = -19, -2*n = z + 3*n - 26. What is the units digit of z?
1
Let i = 837 - 461. What is the hundreds digit of i?
3
Let i be (-2)/(-9) + (-190)/45. Let d be 8/2*(-2)/i. Suppose -2*q - d*b + 30 = 0, -12 = -q - 2*b + 5. What is the units digit of q?
3
What is the tens digit of (-10)/12 + (-301408)/(-192)?
6
Let r(s) = -3*s - 2 + s - 2*s**2 + 9 + s. Let u be r(-5). Let f = u + 59. What is the units digit of f?
1
Suppose 4*q - 2*w = -136, 0*q + q = -2*w - 34. Let h = q + 67. What is the tens digit of h?
3
Suppose 0 = 2*v - 5*h + 11, -3*v - 5*h - 4 - 50 = 0. Let c(l) = l**3 + 12*l**2 - 15*l - 16. Let m be c(v). Let y = m - 2. What is the units digit of y?
8
Let h be 23/(-10)*4*5*-4. Let c = -115 + h. What is the units digit of c?
9
What is the tens digit of (-3973)/(-12 + (-10 - -21))?
7
Let d(y) = -185*y + 7. Let j be d(-5). What is the units digit of 2/(-7) + j/28?
3
Let p(f) = 2*f**3 + 8*f**2 - f - 4. Let m be p(-4). What is the units digit of (-42)/(-70) - (m + 197/(-5))?
0
Let s(d) = -d**3 - d**2. Let x be s(0). What is the units digit of (-5)/(-2)*10 + x?
5
Suppose -5*b = 0, 2*u = -3*u - 3*b - 860. Let o = u + 257. What is the units digit of o?
5
Let h be ((-3)/(-6))/((-5)/(-60)). What is the units digit of (26/h)/(3/45)?
5
Let z = -31 - -30. What is the units digit of 0/z + (4 - -286) - 3?
7
Let k be (-4)/6*-39*1. Suppose 9 = i - k. What is the tens digit of i?
3
Let p = 672 + -390. What is the hundreds digit of p?
2
What is the tens digit of 12568/6 - 0 - (-1)/3?
9
Suppose 4*v + 10*v = 56. Let s = 0 - 0. Suppose s*d - 32 = -v*d. What is the units digit of d?
8
Suppose 2028 = 4*u + 4*c, 0*c = -5*c - 5. Suppose -4*z + u = 3*t, z + 4*t - 244 = -z. What is the hundreds digit of z?
1
Let f(o) = 10*o**3 - o**2 + o - 2. Let y be f(2). Suppose -59 - y = 5*k. Let v = -12 - k. What is the tens digit of v?
1
Let z be (-228)/(-9) + 6/9. Let s = z + -45. Let k = -6 - s. What is the tens digit of k?
1
Suppose -1593 = 3*m - 8391. What is the thousands digit of m?
2
Suppose 0*o = 2*o - 2. Let p be (-21)/(-28)*(5 - o). Suppose 0 = 2*k + b - 21, b = -k + 2*k - p. What is the units digit of k?
8
Suppose -2*h - 506 = -5*w - 4*h, 3*w - 309 = -3*h. Let z = -70 + w. What is the units digit of z?
0
Let n(o) = -205*o - 22. What is the units digit of n(-3)?
3
Let a(q) = -q**3 - 3*q**2 - 4*q + 19. What is the hundreds digit of a(-10)?
7
Let f(i) = i - 6. Let j be f(3). Let d = 33 + j. What is the units digit of d?
0
Suppose 0 = -5*u + 671 + 84. Let z = u - 100. What is the units digit of z?
1
Let f(h) = 2*h**2 - 34*h + 35. Let t be f(16). Suppose -t*a - 349 + 1192 = 0. What is the units digit of a?
1
Let i(n) = -25*n**2 + 18 + 11*n**2 - 2*n + n**3 + 3*n**2 - 7*n. Let g be (3/6)/((-1)/(-24)). What is the units digit of i(g)?
4
Let t(l) = l**3 - 3*l**2 - 3. Let x be t(4). Suppose 140 = c - x. What is the tens digit of c?
5
Suppose 0 = -2*t - 2 - 22. Let v(b) be the first derivative of -b**2/2 + 20*b + 4. What is the tens digit of v(t)?
3
Let f = -2489 - -3517. What is the tens digit of f?
2
Let l(p) = 29*p + 10. Let j be l(16). Let v = j + -260. What is the hundreds digit of v?
2
Suppose 13 + 3 = -16*k. Let m be 3*1*(-2)/(-2). What is the units digit of (2/(-3))/(k/m)?
2
Suppose 3*u + 578 = 2*k, 0*k - 2*u = 5*k - 1426. What is the units digit of k?
6
Let i = 1661 - 975. What is the tens digit of i?
8
Let x(c) = -31*c - 433. What is the tens digit of x(-27)?
0
Let p(c) = c**3 - 2*c**2 + 26*c - 21. What is the tens digit of p(7)?
0
Let s = -88 - -89. Let t(m) = 188*m**3. What is the hundreds digit of t(s)?
1
Let y(t) = 2*t - 45. Let p be y(-19). Let c = -22 - p. What is the tens digit of c?
6
Let w = -9 - -26. Let i = 14 - w. Let q = i + 16. What is the units digit of q?
3
Let w = 140 + -133. Suppose 2*j + 661 = -w*m + 10*m, -878 = -4*m + j. What is the tens digit of m?
1
Let m(g) = 47*g + 537. What is the units digit of m(-10)?
7
Let c = 83 - 35. Let t = 2 + c. What is the units digit of (3*t/3)/2?
5
Let i(k) = k**2 - 35*k - 53. What is the tens digit of i